2, 1553
What are the prime factors of 106572?
2, 3, 83, 107
List the prime factors of 934.
2, 467
List the prime factors of 6475.
5, 7, 37
What are the prime factors of 11752?
2, 13, 113
List the prime factors of 8941.
8941
What are the prime factors of 13536?
2, 3, 47
List the prime factors of 3452.
2, 863
What are the prime factors of 19604?
2, 13, 29
What are the prime factors of 11516?
2, 2879
List the prime factors of 28921.
28921
List the prime factors of 3502.
2, 17, 103
What are the prime factors of 26420?
2, 5, 1321
What are the prime factors of 638?
2, 11, 29
List the prime factors of 1015.
5, 7, 29
List the prime factors of 5883.
3, 37, 53
What are the prime factors of 222?
2, 3, 37
What are the prime factors of 1810?
2, 5, 181
What are the prime factors of 1316?
2, 7, 47
What are the prime factors of 3233?
53, 61
List the prime factors of 990.
2, 3, 5, 11
What are the prime factors of 816?
2, 3, 17
What are the prime factors of 8739?
3, 971
What are the prime factors of 51447?
3, 11, 1559
List the prime factors of 2320.
2, 5, 29
What are the prime factors of 935?
5, 11, 17
List the prime factors of 4741.
11, 431
List the prime factors of 1335.
3, 5, 89
List the prime factors of 3334.
2, 1667
List the prime factors of 14987.
7, 2141
What are the prime factors of 3280?
2, 5, 41
List the prime factors of 4785.
3, 5, 11, 29
What are the prime factors of 3098?
2, 1549
List the prime factors of 28614.
2, 3, 19, 251
List the prime factors of 69325.
5, 47, 59
List the prime factors of 7961.
19, 419
What are the prime factors of 48450?
2, 3, 5, 17, 19
List the prime factors of 12668.
2, 3167
What are the prime factors of 30678?
2, 3, 5113
What are the prime factors of 133818?
2, 3, 22303
What are the prime factors of 679?
7, 97
What are the prime factors of 10814?
2, 5407
What are the prime factors of 19522?
2, 43, 227
What are the prime factors of 46348?
2, 11587
What are the prime factors of 14800?
2, 5, 37
What are the prime factors of 11450?
2, 5, 229
What are the prime factors of 15875?
5, 127
What are the prime factors of 1809?
3, 67
List the prime factors of 68187.
3, 7, 17, 191
List the prime factors of 903.
3, 7, 43
List the prime factors of 3532.
2, 883
What are the prime factors of 1204?
2, 7, 43
What are the prime factors of 30520?
2, 5, 7, 109
List the prime factors of 9101.
19, 479
What are the prime factors of 62638?
2, 31319
List the prime factors of 11658.
2, 3, 29, 67
What are the prime factors of 1128?
2, 3, 47
What are the prime factors of 618?
2, 3, 103
What are the prime factors of 14494?
2, 7247
What are the prime factors of 464?
2, 29
What are the prime factors of 99209?
11, 29, 311
List the prime factors of 34374.
2, 3, 17, 337
List the prime factors of 16772.
2, 7, 599
List the prime factors of 68949.
3, 47, 163
List the prime factors of 62999.
73, 863
What are the prime factors of 39058?
2, 59, 331
List the prime factors of 3323.
3323
What are the prime factors of 12771?
3, 11, 43
What are the prime factors of 3432?
2, 3, 11, 13
List the prime factors of 2721.
3, 907
What are the prime factors of 25587?
3, 2843
List the prime factors of 8299.
43, 193
What are the prime factors of 3258?
2, 3, 181
List the prime factors of 7055.
5, 17, 83
What are the prime factors of 21317?
21317
What are the prime factors of 4775?
5, 191
What are the prime factors of 74212?
2, 18553
List the prime factors of 11878.
2, 5939
What are the prime factors of 1045?
5, 11, 19
What are the prime factors of 3588?
2, 3, 13, 23
List the prime factors of 725.
5, 29
What are the prime factors of 10478?
2, 13, 31
What are the prime factors of 3067?
3067
List the prime factors of 2537.
43, 59
What are the prime factors of 3069?
3, 11, 31
What are the prime factors of 2899?
13, 223
What are the prime factors of 10767?
3, 37, 97
List the prime factors of 460.
2, 5, 23
What are the prime factors of 4774?
2, 7, 11, 31
List the prime factors of 32936.
2, 23, 179
What are the prime factors of 6516?
2, 3, 181
List the prime factors of 115.
5, 23
List the prime factors of 8923.
8923
What are the prime factors of 66306?
2, 3, 43, 257
What are the prime factors of 4249?
7, 607
What are the prime factors of 1470?
2, 3, 5, 7
List the prime factors of 1391.
13, 107
List the prime factors of 1473.
3, 491
What are the prime factors of 8379?
3, 7, 19
List the prime factors of 359.
359
List the prime factors of 121.
11
What are the prime factors of 19743?
3, 6581
What are the prime factors of 2992?
2, 11, 17
List the prime factors of 2360.
2, 5, 59
List the prime factors of 27429.
3, 41, 223
List the prime factors of 40879.
40879
List the prime factors of 1721.
1721
What are the prime factors of 59409?
3, 7, 23, 41
What are the prime factors of 473?
11, 43
What are the prime factors of 2585?
5, 11, 47
What are the prime factors of 1526?
2, 7, 109
List the prime factors of 4107.
3, 37
What are the prime factors of 2366?
2, 7, 13
What are the prime factors of 71564?
2, 17891
What are the prime factors of 4232?
2, 23
List the prime factors of 36053.
31, 1163
What are the prime factors of 987?
3, 7, 47
What are the prime factors of 253?
11, 23
List the prime factors of 20590.
2, 5, 29, 71
List the prime factors of 16059.
3, 53, 101
What are the prime factors of 7639?
7639
What are the prime factors of 206?
2, 103
List the prime factors of 66295.
5, 13259
What are the prime factors of 14389?
14389
What are the prime factors of 9856?
2, 7, 11
What are the prime factors of 35115?
3, 5, 2341
What are the prime factors of 5183?
71, 73
What are the prime factors of 2385?
3, 5, 53
List the prime factors of 855.
3, 5, 19
List the prime factors of 3744.
2, 3, 13
What are the prime factors of 1538?
2, 769
List the prime factors of 15.
3, 5
What are the prime factors of 2774?
2, 19, 73
What are the prime factors of 62404?
2, 15601
What are the prime factors of 952?
2, 7, 17
What are the prime factors of 46333?
7, 6619
List the prime factors of 392.
2, 7
What are the prime factors of 7987?
7, 163
What are the prime factors of 630?
2, 3, 5, 7
What are the prime factors of 2035?
5, 11, 37
What are the prime factors of 60?
2, 3, 5
List the prime factors of 15850.
2, 5, 317
What are the prime factors of 12454?
2, 13, 479
List the prime factors of 153.
3, 17
What are the prime factors of 4721?
4721
What are the prime factors of 1106?
2, 7, 79
What are the prime factors of 3410?
2, 5, 11, 31
List the prime factors of 5157.
3, 191
What are the prime factors of 2370?
2, 3, 5, 79
List the prime factors of 3232.
2, 101
What are the prime factors of 2448?
2, 3, 17
What are the prime factors of 1208?
2, 151
List the prime factors of 48658.
2, 24329
What are the prime factors of 1964?
2, 491
What are the prime factors of 18606?
2, 3, 7, 443
What are the prime factors of 2356?
2, 19, 31
List the prime factors of 69899.
69899
List the prime factors of 56991.
3, 11, 157
List the prime factors of 58362.
2, 3, 71, 137
What are the prime factors of 85758?
2, 3, 14293
What are the prime factors of 464?
2, 29
List the prime factors of 133334.
2, 163, 409
What are the prime factors of 9589?
43, 223
What are the prime factors of 2445?
3, 5, 163
List the prime factors of 94869.
3, 83, 127
What are the prime factors of 122?
2, 61
What are the prime factors of 92180?
2, 5, 11, 419
What are the prime factors of 22931?
23, 997
List the prime factors of 2153.
2153
What are the prime factors of 9841?
13, 757
List the prime factors of 2323.
23, 101
What are the prime factors of 2083?
2083
What are the prime factors of 41645?
5, 8329
What are the prime factors of 8917?
37, 241
What are the prime factors of 439?
439
List the prime factors of 14188.
2, 3547
What are the prime factors of 1509?
3, 503
List the prime factors of 59905.
5, 11981
List the prime factors of 44587.
44587
List the prime factors of 26382.
2, 3, 4397
List the prime factors of 643.
643
What are the prime factors of 129980?
2, 5, 67, 97
List the prime factors of 135713.
113, 1201
What are the prime factors of 2790?
2, 3, 5, 31
List the prime factors of 1712.
2, 107
What are the prime factors of 25699?
31, 829
List the prime factors of 66724.
2, 7, 2383
What are the prime factors of 1624?
2, 7, 29
List the prime factors of 1241.
17, 73
Wh